{"id":57175,"date":"2025-12-19T14:52:32","date_gmt":"2025-12-19T19:52:32","guid":{"rendered":"https:\/\/cpsplimaycallao.org.pe\/pagos\/?post_type=product&#038;p=57175"},"modified":"2026-01-02T18:24:01","modified_gmt":"2026-01-02T23:24:01","slug":"inasistencia-colegiatura","status":"publish","type":"product","link":"https:\/\/cpsplimaycallao.org.pe\/pagos\/producto\/inasistencia-colegiatura\/","title":{"rendered":"Multa por inasistencia a ceremonia de colegiatura 5% UIT"},"content":{"rendered":"<h4>Pago de la multa por no asistir a Ceremonia de Colegiatura.<\/h4>\n<h4><strong>5<\/strong><strong>% UIT<\/strong><\/h4>\n<p><strong>\u00a0Art\u00edculo 18\u00b0 del Reglamento Interno Nacional del Colegio de Psic\u00f3logos del Per\u00fa:\u00a0<\/strong><\/p>\n<p><span style=\"color: #808080;\"><em>La asistencia a la Ceremonia de Colegiatura es obligatoria. (la juramentaci\u00f3n es el acto de mayor envergadura de un <\/em><\/span><span style=\"color: #808080;\"><em>psic\u00f3logo para ejercer la profesi\u00f3n) El Consejo Directivo Regional determinar\u00e1 por acto resolutivo d\u00eda, fecha, hora y lugar donde se llevar\u00e1 esta ceremonia, la cual es p\u00fablica. El Psic\u00f3logo que no concurra a la ceremonia de colegiatura, se le impondr\u00e1 <\/em><\/span><span style=\"color: #808080;\"><em>una multa equivalente al 5% de la UIT. Pagada la multa por inasistencia a la Ceremonia de Colegiatura programada, determina que vuelva a participar del mismo en fecha posterior.<\/em><\/span><\/p>\n<p><strong>UIT (Para el a\u00f1o 2026): S\/ 5,500<\/strong><\/p>\n<p><a href=\"https:\/\/www.cpsp.pe\/images\/documentos\/marco_legal\/CPsP_CDN_reglamento_interno_nacional.pdf\" target=\"_blank\" rel=\"noopener\"><strong>Leer reglamento<\/strong><\/a><\/p>\n","protected":false},"excerpt":{"rendered":"<h4>Pago de la multa por no asistir a Ceremonia de Colegiatura.<\/h4>\n<h4><strong>5<\/strong><strong>% UIT<\/strong><\/h4>\n<p><strong>\u00a0Art\u00edculo 18\u00b0 del Reglamento Interno Nacional del Colegio de Psic\u00f3logos del Per\u00fa:\u00a0<\/strong><\/p>\n<p><span style=\"color: #808080;\"><em>La asistencia a la Ceremonia de Colegiatura es obligatoria. (la juramentaci\u00f3n es el acto de mayor envergadura de un <\/em><\/span><span style=\"color: #808080;\"><em>psic\u00f3logo para ejercer la profesi\u00f3n) El Consejo Directivo Regional determinar\u00e1 por acto resolutivo d\u00eda, fecha, hora y lugar donde se llevar\u00e1 esta ceremonia, la cual es p\u00fablica. El Psic\u00f3logo que no concurra a la ceremonia de colegiatura, se le impondr\u00e1 <\/em><\/span><span style=\"color: #808080;\"><em>una multa equivalente al 5% de la UIT. Pagada la multa por inasistencia a la Ceremonia de Colegiatura programada, determina que vuelva a participar del mismo en fecha posterior.<\/em><\/span><\/p>\n<p><strong>UIT (Para el a\u00f1o 2026): S\/ 5,500<\/strong><\/p>\n<p><a href=\"https:\/\/www.cpsp.pe\/images\/documentos\/marco_legal\/CPsP_CDN_reglamento_interno_nacional.pdf\" target=\"_blank\" rel=\"noopener\"><strong>Leer reglamento<\/strong><\/a><\/p>\n","protected":false},"featured_media":57177,"template":"","meta":{"_et_pb_use_builder":"","_et_pb_old_content":"","_et_gb_content_width":""},"product_brand":[],"product_cat":[34,24],"product_tag":[],"class_list":{"0":"post-57175","1":"product","2":"type-product","3":"status-publish","4":"has-post-thumbnail","6":"product_cat-multas","7":"product_cat-tramites-y-tarifas","9":"first","10":"instock","11":"virtual","12":"purchasable","13":"product-type-simple"},"tiered_pricing_type":"fixed","tiered_pricing_fixed_rules":[],"tiered_pricing_product_settings":{"layout":"default","base_unit_name":{"singular":null,"plural":null},"default_variation":null},"tiered_pricing_minimum_quantity":null,"tiered_pricing_roles_data":[],"tiered_pricing_percentage_rules":[],"_links":{"self":[{"href":"https:\/\/cpsplimaycallao.org.pe\/pagos\/wp-json\/wp\/v2\/product\/57175","targetHints":{"allow":["GET"]}}],"collection":[{"href":"https:\/\/cpsplimaycallao.org.pe\/pagos\/wp-json\/wp\/v2\/product"}],"about":[{"href":"https:\/\/cpsplimaycallao.org.pe\/pagos\/wp-json\/wp\/v2\/types\/product"}],"wp:featuredmedia":[{"embeddable":true,"href":"https:\/\/cpsplimaycallao.org.pe\/pagos\/wp-json\/wp\/v2\/media\/57177"}],"wp:attachment":[{"href":"https:\/\/cpsplimaycallao.org.pe\/pagos\/wp-json\/wp\/v2\/media?parent=57175"}],"wp:term":[{"taxonomy":"product_brand","embeddable":true,"href":"https:\/\/cpsplimaycallao.org.pe\/pagos\/wp-json\/wp\/v2\/product_brand?post=57175"},{"taxonomy":"product_cat","embeddable":true,"href":"https:\/\/cpsplimaycallao.org.pe\/pagos\/wp-json\/wp\/v2\/product_cat?post=57175"},{"taxonomy":"product_tag","embeddable":true,"href":"https:\/\/cpsplimaycallao.org.pe\/pagos\/wp-json\/wp\/v2\/product_tag?post=57175"}],"curies":[{"name":"wp","href":"https:\/\/api.w.org\/{rel}","templated":true}]}}