{"id":42089,"date":"2025-09-30T17:46:20","date_gmt":"2025-09-30T22:46:20","guid":{"rendered":"https:\/\/cpsplimaycallao.org.pe\/pagos\/?post_type=product&#038;p=42089"},"modified":"2026-01-02T18:25:37","modified_gmt":"2026-01-02T23:25:37","slug":"multa-inasistencia-colegiatura","status":"publish","type":"product","link":"https:\/\/cpsplimaycallao.org.pe\/pagos\/producto\/multa-inasistencia-colegiatura\/","title":{"rendered":"Multa por inasistencia a Ceremonia de Colegiatura 5% UIT"},"content":{"rendered":"<p><strong>ART\u00cdCULO 18\u00b0<\/strong> .- <em>La asistencia a la Ceremonia de Colegiatura es <\/em><em>obligatoria. (la juramentaci\u00f3n es el acto de mayor envergadura de un<\/em><br \/>\n<em>psic\u00f3logo para ejercer la profesi\u00f3n) El Consejo Directivo Regional <\/em><em>determinar\u00e1 por acto resolutivo d\u00eda, fecha, hora y lugar donde se llevar\u00e1<\/em><br \/>\n<em>esta ceremonia, la cual es p\u00fablica. <\/em><em>El (la) Psic\u00f3logo(a) <strong>que no concurra a la ceremonia de colegiatura<\/strong>, se le impondr\u00e1 <\/em><em>una multa equivalente al <strong>5% de la UIT.<\/strong> Pagada la multa por inasistencia a <\/em><em>la Ceremonia de Colegiatura programada, determina que vuelva a <\/em><em>participar del mismo en fecha posterior.<\/em><\/p>\n<p><strong>UIT (Para el a\u00f1o 2026): S\/ 5,500<\/strong><\/p>\n","protected":false},"excerpt":{"rendered":"<p><strong>ART\u00cdCULO 18\u00b0 .<\/strong>&#8211; <em>La asistencia a la Ceremonia de Colegiatura es obligatoria. (la juramentaci\u00f3n es el acto de mayor envergadura de un<\/em><br \/>\n<em>psic\u00f3logo para ejercer la profesi\u00f3n) El Consejo Directivo Regional determinar\u00e1 por acto resolutivo d\u00eda, fecha, hora y lugar donde se llevar\u00e1<\/em><br \/>\n<em>esta ceremonia, la cual es p\u00fablica. El (la) Psic\u00f3logo(a) que no concurra a la ceremonia de colegiatura, se le impondr\u00e1 una multa equivalente al <strong>5% de la UIT.<\/strong> Pagada la multa por<strong> inasistencia a la Ceremonia de Colegiatura<\/strong> programada, determina que vuelva a participar del mismo en fecha posterior.<\/em><\/p>\n<p><strong>UIT (Para el a\u00f1o 2026): S\/ 5,500<\/strong><\/p>\n","protected":false},"featured_media":42098,"template":"","meta":{"_et_pb_use_builder":"","_et_pb_old_content":"","_et_gb_content_width":""},"product_brand":[],"product_cat":[34],"product_tag":[],"class_list":{"0":"post-42089","1":"product","2":"type-product","3":"status-publish","4":"has-post-thumbnail","6":"product_cat-multas","8":"first","9":"instock","10":"virtual","11":"purchasable","12":"product-type-simple"},"tiered_pricing_type":"fixed","tiered_pricing_fixed_rules":[],"tiered_pricing_product_settings":{"layout":"default","base_unit_name":{"singular":null,"plural":null},"default_variation":null},"tiered_pricing_minimum_quantity":null,"tiered_pricing_roles_data":[],"tiered_pricing_percentage_rules":[],"_links":{"self":[{"href":"https:\/\/cpsplimaycallao.org.pe\/pagos\/wp-json\/wp\/v2\/product\/42089","targetHints":{"allow":["GET"]}}],"collection":[{"href":"https:\/\/cpsplimaycallao.org.pe\/pagos\/wp-json\/wp\/v2\/product"}],"about":[{"href":"https:\/\/cpsplimaycallao.org.pe\/pagos\/wp-json\/wp\/v2\/types\/product"}],"wp:featuredmedia":[{"embeddable":true,"href":"https:\/\/cpsplimaycallao.org.pe\/pagos\/wp-json\/wp\/v2\/media\/42098"}],"wp:attachment":[{"href":"https:\/\/cpsplimaycallao.org.pe\/pagos\/wp-json\/wp\/v2\/media?parent=42089"}],"wp:term":[{"taxonomy":"product_brand","embeddable":true,"href":"https:\/\/cpsplimaycallao.org.pe\/pagos\/wp-json\/wp\/v2\/product_brand?post=42089"},{"taxonomy":"product_cat","embeddable":true,"href":"https:\/\/cpsplimaycallao.org.pe\/pagos\/wp-json\/wp\/v2\/product_cat?post=42089"},{"taxonomy":"product_tag","embeddable":true,"href":"https:\/\/cpsplimaycallao.org.pe\/pagos\/wp-json\/wp\/v2\/product_tag?post=42089"}],"curies":[{"name":"wp","href":"https:\/\/api.w.org\/{rel}","templated":true}]}}