{"id":35157,"date":"2025-08-14T09:51:19","date_gmt":"2025-08-14T14:51:19","guid":{"rendered":"https:\/\/cpsplimaycallao.org.pe\/pagos\/?post_type=product&#038;p=35157"},"modified":"2025-09-17T11:18:31","modified_gmt":"2025-09-17T16:18:31","slug":"certificado-de-capacitacion","status":"publish","type":"product","link":"https:\/\/cpsplimaycallao.org.pe\/pagos\/producto\/certificado-de-capacitacion\/","title":{"rendered":"Certificado de Capacitaci\u00f3n"},"content":{"rendered":"<p><strong>Emisi\u00f3n de Certificado de Capacitaci\u00f3n.<\/strong><\/p>\n<p>Para cursos y conferencias organizados por el \u00c1rea de Capacitaci\u00f3n.<br \/>\n(Solo para cursos, conferencias y otras actividades donde se aplique este concepto, mayor informaci\u00f3n<b> al Whatsapp 905 454 487<\/b>).<\/p>\n<p><span style=\"color: #0000ff;\"><strong><em>Importante: Colocar en\u00a0 \u00abInformaci\u00f3n adicional &#8211; Notas del pedido\u00bb, el nombre del curso o conferencia para el que se est\u00e1 realizando el pago de emisi\u00f3n de Certificado.<\/em><\/strong><\/span><\/p>\n<p>&nbsp;<\/p>\n","protected":false},"excerpt":{"rendered":"<p><strong>Emisi\u00f3n de Certificado de Capacitaci\u00f3n.<\/strong><\/p>\n<p>Para cursos y conferencias organizados por el \u00c1rea de Capacitaci\u00f3n.<br \/>\n(Solo para cursos, conferencias y otras actividades donde se aplique este concepto, mayor informaci\u00f3n<b> al Whatsapp 905 454 487<\/b>).<\/p>\n<p><span style=\"color: #0000ff;\"><strong><em>Importante: Colocar en\u00a0 \u00abInformaci\u00f3n adicional &#8211; Notas del pedido\u00bb, el nombre del curso o conferencia para el que se est\u00e1 realizando el pago de emisi\u00f3n de Certificado.<\/em><\/strong><\/span><\/p>\n","protected":false},"featured_media":35163,"template":"","meta":{"_et_pb_use_builder":"","_et_pb_old_content":"","_et_gb_content_width":""},"product_brand":[],"product_cat":[17,32],"product_tag":[],"class_list":{"0":"post-35157","1":"product","2":"type-product","3":"status-publish","4":"has-post-thumbnail","6":"product_cat-documentos","7":"product_cat-pagos-especiales","9":"first","10":"instock","11":"virtual","12":"purchasable","13":"product-type-simple"},"tiered_pricing_type":"fixed","tiered_pricing_fixed_rules":[],"tiered_pricing_product_settings":{"layout":"default","base_unit_name":{"singular":null,"plural":null},"default_variation":null},"tiered_pricing_minimum_quantity":null,"tiered_pricing_roles_data":[],"tiered_pricing_percentage_rules":[],"_links":{"self":[{"href":"https:\/\/cpsplimaycallao.org.pe\/pagos\/wp-json\/wp\/v2\/product\/35157","targetHints":{"allow":["GET"]}}],"collection":[{"href":"https:\/\/cpsplimaycallao.org.pe\/pagos\/wp-json\/wp\/v2\/product"}],"about":[{"href":"https:\/\/cpsplimaycallao.org.pe\/pagos\/wp-json\/wp\/v2\/types\/product"}],"wp:featuredmedia":[{"embeddable":true,"href":"https:\/\/cpsplimaycallao.org.pe\/pagos\/wp-json\/wp\/v2\/media\/35163"}],"wp:attachment":[{"href":"https:\/\/cpsplimaycallao.org.pe\/pagos\/wp-json\/wp\/v2\/media?parent=35157"}],"wp:term":[{"taxonomy":"product_brand","embeddable":true,"href":"https:\/\/cpsplimaycallao.org.pe\/pagos\/wp-json\/wp\/v2\/product_brand?post=35157"},{"taxonomy":"product_cat","embeddable":true,"href":"https:\/\/cpsplimaycallao.org.pe\/pagos\/wp-json\/wp\/v2\/product_cat?post=35157"},{"taxonomy":"product_tag","embeddable":true,"href":"https:\/\/cpsplimaycallao.org.pe\/pagos\/wp-json\/wp\/v2\/product_tag?post=35157"}],"curies":[{"name":"wp","href":"https:\/\/api.w.org\/{rel}","templated":true}]}}